Last updated on 2019-04-13 01:58:03 CEST.
Flavor | Version | Tinstall | Tcheck | Ttotal | Status | Flags |
---|---|---|---|---|---|---|
r-devel-linux-x86_64-debian-clang | 0.3.0 | 3.36 | 3.79 | 7.15 | ERROR | |
r-devel-linux-x86_64-debian-gcc | 0.3.0 | 4.24 | 40.64 | 44.88 | OK | |
r-devel-linux-x86_64-fedora-clang | 0.3.0 | 49.00 | OK | |||
r-devel-linux-x86_64-fedora-gcc | 0.3.0 | 47.85 | OK | |||
r-devel-windows-ix86+x86_64 | 0.3.0 | 14.00 | 82.00 | 96.00 | OK | |
r-patched-linux-x86_64 | 0.3.0 | 4.78 | 51.62 | 56.40 | OK | |
r-patched-solaris-x86 | 0.3.0 | 66.90 | OK | |||
r-release-linux-x86_64 | 0.3.0 | 2.23 | 32.39 | 34.62 | OK | |
r-release-windows-ix86+x86_64 | 0.3.0 | 9.00 | 76.00 | 85.00 | OK | |
r-release-osx-x86_64 | 0.3.0 | OK | ||||
r-oldrel-windows-ix86+x86_64 | 0.3.0 | 6.00 | 65.00 | 71.00 | OK | |
r-oldrel-osx-x86_64 | 0.3.0 | OK |
Version: 0.3.0
Check: whether the package can be loaded
Result: ERROR
Loading this package had a fatal error status code 1
Loading log:
Error: package or namespace load failed for 'geojsonlint' in dyn.load(file, DLLpath = DLLpath, ...):
unable to load shared object '/home/hornik/tmp/R.check/r-devel-clang/Work/build/Packages/V8/libs/V8.so':
libv8.so.3.14.5: cannot open shared object file: No such file or directory
Execution halted
Flavor: r-devel-linux-x86_64-debian-clang