CRAN Package Check Results for Package ggfan

Last updated on 2019-04-13 01:58:03 CEST.

Flavor Version Tinstall Tcheck Ttotal Status Flags
r-devel-linux-x86_64-debian-clang 0.1.3 7.45 82.71 90.16 OK
r-devel-linux-x86_64-debian-gcc 0.1.3 6.01 63.00 69.01 OK
r-devel-linux-x86_64-fedora-clang 0.1.3 103.30 NOTE
r-devel-linux-x86_64-fedora-gcc 0.1.3 106.03 NOTE
r-devel-windows-ix86+x86_64 0.1.3 17.00 92.00 109.00 OK
r-patched-linux-x86_64 0.1.3 7.02 84.13 91.15 OK
r-patched-solaris-x86 0.1.3 153.80 NOTE
r-release-linux-x86_64 0.1.3 4.57 86.62 91.19 OK
r-release-windows-ix86+x86_64 0.1.3 12.00 133.00 145.00 OK
r-release-osx-x86_64 0.1.3 NOTE
r-oldrel-windows-ix86+x86_64 0.1.3 10.00 128.00 138.00 OK
r-oldrel-osx-x86_64 0.1.3 NOTE

Check Details

Version: 0.1.3
Check: dependencies in R code
Result: NOTE
    Namespaces in Imports field not imported from:
     ‘colorspace’ ‘grid’ ‘rstan’
     All declared Imports should be used.
Flavors: r-devel-linux-x86_64-fedora-clang, r-devel-linux-x86_64-fedora-gcc, r-patched-solaris-x86, r-release-osx-x86_64, r-oldrel-osx-x86_64