Last updated on 2019-04-13 01:58:03 CEST.
Flavor | Version | Tinstall | Tcheck | Ttotal | Status | Flags |
---|---|---|---|---|---|---|
r-devel-linux-x86_64-debian-clang | 0.0-51 | 196.05 | 107.44 | 303.49 | OK | |
r-devel-linux-x86_64-debian-gcc | 0.0-51 | 170.20 | 83.78 | 253.98 | OK | |
r-devel-linux-x86_64-fedora-clang | 0.0-51 | 470.05 | NOTE | |||
r-devel-linux-x86_64-fedora-gcc | 0.0-51 | 449.10 | OK | |||
r-devel-windows-ix86+x86_64 | 0.0-51 | 563.00 | 155.00 | 718.00 | OK | |
r-patched-linux-x86_64 | 0.0-51 | 196.63 | 106.75 | 303.38 | OK | |
r-patched-solaris-x86 | 0.0-51 | 485.80 | OK | |||
r-release-linux-x86_64 | 0.0-51 | 197.95 | 104.91 | 302.86 | OK | |
r-release-windows-ix86+x86_64 | 0.0-51 | 569.00 | 205.00 | 774.00 | OK | |
r-release-osx-x86_64 | 0.0-51 | NOTE | ||||
r-oldrel-windows-ix86+x86_64 | 0.0-51 | 393.00 | 153.00 | 546.00 | OK | |
r-oldrel-osx-x86_64 | 0.0-51 | NOTE |
Version: 0.0-51
Check: installed package size
Result: NOTE
installed size is 8.2Mb
sub-directories of 1Mb or more:
libs 7.4Mb
Flavors: r-devel-linux-x86_64-fedora-clang, r-release-osx-x86_64, r-oldrel-osx-x86_64