CRAN Package Check Results for Package glmaag

Last updated on 2019-04-13 01:58:03 CEST.

Flavor Version Tinstall Tcheck Ttotal Status Flags
r-devel-linux-x86_64-debian-clang 0.0.3 170.06 107.57 277.63 WARN
r-devel-linux-x86_64-debian-gcc 0.0.3 120.79 84.60 205.39 OK
r-devel-linux-x86_64-fedora-clang 0.0.3 411.34 NOTE
r-devel-linux-x86_64-fedora-gcc 0.0.3 342.13 OK
r-patched-linux-x86_64 0.0.3 144.95 105.08 250.03 OK
r-patched-solaris-x86 0.0.3 34.70 ERROR

Additional issues

valgrind

Check Details

Version: 0.0.3
Check: whether package can be installed
Result: WARN
    Found the following significant warnings:
     Coxfunc.cpp:39:12: warning: using floating point absolute value function 'fabs' when argument is of integer type [-Wabsolute-value]
Flavor: r-devel-linux-x86_64-debian-clang

Version: 0.0.3
Check: installed package size
Result: NOTE
     installed size is 12.6Mb
     sub-directories of 1Mb or more:
     libs 12.3Mb
Flavor: r-devel-linux-x86_64-fedora-clang

Version: 0.0.3
Check: whether package can be installed
Result: ERROR
    Installation failed.
Flavor: r-patched-solaris-x86