CRAN Package Check Results for Package googlePolylines

Last updated on 2019-04-13 01:58:03 CEST.

Flavor Version Tinstall Tcheck Ttotal Status Flags
r-devel-linux-x86_64-debian-clang 0.7.2 39.86 28.42 68.28 NOTE
r-devel-linux-x86_64-debian-gcc 0.7.2 29.81 23.47 53.28 NOTE
r-devel-linux-x86_64-fedora-clang 0.7.2 96.14 NOTE
r-devel-linux-x86_64-fedora-gcc 0.7.2 86.31 NOTE
r-devel-windows-ix86+x86_64 0.7.2 112.00 81.00 193.00 NOTE
r-patched-linux-x86_64 0.7.2 36.83 28.62 65.45 NOTE
r-patched-solaris-x86 0.7.2 110.00 NOTE
r-release-linux-x86_64 0.7.2 33.94 27.27 61.21 OK
r-release-windows-ix86+x86_64 0.7.2 77.00 85.00 162.00 OK
r-release-osx-x86_64 0.7.2 OK
r-oldrel-windows-ix86+x86_64 0.7.2 81.00 59.00 140.00 OK
r-oldrel-osx-x86_64 0.7.2 OK

Check Details

Version: 0.7.2
Check: line endings in C/C++/Fortran sources/headers
Result: NOTE
    Found the following sources/headers not terminated with a newline:
     inst/include/googlePolylines.h
     inst/include/variants.h
    Some compilers warn on such files.
Flavors: r-devel-linux-x86_64-debian-clang, r-devel-linux-x86_64-debian-gcc, r-devel-linux-x86_64-fedora-clang, r-devel-linux-x86_64-fedora-gcc, r-devel-windows-ix86+x86_64, r-patched-linux-x86_64, r-patched-solaris-x86