Last updated on 2019-04-13 01:58:03 CEST.
Flavor | Version | Tinstall | Tcheck | Ttotal | Status | Flags |
---|---|---|---|---|---|---|
r-devel-linux-x86_64-debian-clang | 0.1.2 | 5.24 | 43.83 | 49.07 | OK | |
r-devel-linux-x86_64-debian-gcc | 0.1.2 | 3.63 | 35.45 | 39.08 | OK | |
r-devel-linux-x86_64-fedora-clang | 0.1.2 | 58.59 | OK | |||
r-devel-linux-x86_64-fedora-gcc | 0.1.2 | 54.39 | OK | |||
r-devel-windows-ix86+x86_64 | 0.1.2 | 16.00 | 86.00 | 102.00 | OK | |
r-patched-linux-x86_64 | 0.1.2 | 5.32 | 43.02 | 48.34 | OK | |
r-patched-solaris-x86 | 0.1.2 | 86.60 | OK | |||
r-release-linux-x86_64 | 0.1.2 | 3.95 | 41.37 | 45.32 | OK | |
r-release-windows-ix86+x86_64 | 0.1.2 | 6.00 | 63.00 | 69.00 | OK | |
r-release-osx-x86_64 | 0.1.2 | OK | ||||
r-oldrel-osx-x86_64 | 0.1.1 | ERROR |
Version: 0.1.1
Check: whether package can be installed
Result: ERROR
Installation failed.
Flavor: r-oldrel-osx-x86_64