CRAN Package Check Results for Package grapherator

Last updated on 2019-04-13 01:58:03 CEST.

Flavor Version Tinstall Tcheck Ttotal Status Flags
r-devel-linux-x86_64-debian-clang 1.0.0 7.40 96.35 103.75 OK
r-devel-linux-x86_64-debian-gcc 1.0.0 6.91 74.62 81.53 OK
r-devel-linux-x86_64-fedora-clang 1.0.0 122.89 NOTE
r-devel-linux-x86_64-fedora-gcc 1.0.0 119.30 NOTE
r-devel-windows-ix86+x86_64 1.0.0 30.00 103.00 133.00 OK
r-patched-linux-x86_64 1.0.0 7.77 93.82 101.59 OK
r-patched-solaris-x86 1.0.0 178.40 NOTE
r-release-linux-x86_64 1.0.0 6.44 84.36 90.80 OK
r-release-windows-ix86+x86_64 1.0.0 15.00 149.00 164.00 OK
r-release-osx-x86_64 1.0.0 NOTE
r-oldrel-windows-ix86+x86_64 1.0.0 12.00 103.00 115.00 OK
r-oldrel-osx-x86_64 1.0.0 NOTE

Check Details

Version: 1.0.0
Check: dependencies in R code
Result: NOTE
    Namespace in Imports field not imported from: ‘reshape2’
     All declared Imports should be used.
Flavors: r-devel-linux-x86_64-fedora-clang, r-devel-linux-x86_64-fedora-gcc, r-patched-solaris-x86, r-release-osx-x86_64, r-oldrel-osx-x86_64