CRAN Package Check Results for Package graphicalVAR

Last updated on 2019-04-13 01:58:03 CEST.

Flavor Version Tinstall Tcheck Ttotal Status Flags
r-devel-linux-x86_64-debian-clang 0.2.2 32.93 90.26 123.19 NOTE
r-devel-linux-x86_64-debian-gcc 0.2.2 29.67 69.57 99.24 NOTE
r-devel-linux-x86_64-fedora-clang 0.2.2 170.23 NOTE
r-devel-linux-x86_64-fedora-gcc 0.2.2 158.55 NOTE
r-devel-windows-ix86+x86_64 0.2.2 103.00 222.00 325.00 OK
r-patched-linux-x86_64 0.2.2 35.39 87.38 122.77 NOTE
r-patched-solaris-x86 0.2.2 230.10 OK
r-release-linux-x86_64 0.2.2 31.77 85.74 117.51 OK
r-release-windows-ix86+x86_64 0.2.2 91.00 234.00 325.00 OK
r-release-osx-x86_64 0.2.2 OK
r-oldrel-windows-ix86+x86_64 0.2.2 70.00 142.00 212.00 OK
r-oldrel-osx-x86_64 0.2.2 OK

Check Details

Version: 0.2.2
Check: use of SHLIB_OPENMP_*FLAGS in Makefiles
Result: NOTE
     src/Makevars: SHLIB_OPENMP_CXXFLAGS is included in PKG_CXXFLAGS but not in PKG_LIBS
     src/Makevars: SHLIB_OPENMP_CFLAGS is included in PKG_LIBS but linking is by C++
     src/Makevars.win: SHLIB_OPENMP_CXXFLAGS is included in PKG_CXXFLAGS but not in PKG_LIBS
     src/Makevars.win: SHLIB_OPENMP_CFLAGS is included in PKG_LIBS but linking is by C++
    Use of these macros is discussed in sect 1.2.1.1 of 'Writing R
    Extensions'. The macros for different languages may differ so the
    matching macro must be used in PKG_CXXFLAGS (etc) and match that used
    in PKG_LIBS (except for Fortran: see the manual).
Flavors: r-devel-linux-x86_64-debian-clang, r-devel-linux-x86_64-debian-gcc, r-devel-linux-x86_64-fedora-clang, r-devel-linux-x86_64-fedora-gcc, r-patched-linux-x86_64