CRAN Package Check Results for Package greport

Last updated on 2019-04-13 01:58:04 CEST.

Flavor Version Tinstall Tcheck Ttotal Status Flags
r-devel-linux-x86_64-debian-clang 0.7-1 13.19 94.53 107.72 NOTE
r-devel-linux-x86_64-debian-gcc 0.7-1 9.95 71.99 81.94 NOTE
r-devel-linux-x86_64-fedora-clang 0.7-1 124.21 NOTE
r-devel-linux-x86_64-fedora-gcc 0.7-1 122.90 NOTE
r-devel-windows-ix86+x86_64 0.7-1 36.00 106.00 142.00 NOTE
r-patched-linux-x86_64 0.7-1 12.05 89.77 101.82 NOTE
r-patched-solaris-x86 0.7-1 189.90 NOTE
r-release-linux-x86_64 0.7-1 9.37 88.65 98.02 NOTE
r-release-windows-ix86+x86_64 0.7-1 23.00 169.00 192.00 NOTE
r-release-osx-x86_64 0.7-1 NOTE
r-oldrel-windows-ix86+x86_64 0.7-1 17.00 104.00 121.00 NOTE
r-oldrel-osx-x86_64 0.7-1 NOTE

Check Details

Version: 0.7-1
Check: R code for possible problems
Result: NOTE
    accrualReport: multiple local function definitions for 'gg' with
     different formal arguments
Flavors: r-devel-linux-x86_64-debian-clang, r-devel-linux-x86_64-debian-gcc, r-devel-linux-x86_64-fedora-clang, r-devel-linux-x86_64-fedora-gcc, r-devel-windows-ix86+x86_64, r-patched-linux-x86_64, r-patched-solaris-x86, r-release-linux-x86_64, r-release-windows-ix86+x86_64, r-release-osx-x86_64, r-oldrel-windows-ix86+x86_64, r-oldrel-osx-x86_64