Last updated on 2019-04-13 01:58:05 CEST.
Flavor | Version | Tinstall | Tcheck | Ttotal | Status | Flags |
---|---|---|---|---|---|---|
r-devel-linux-x86_64-debian-clang | 1.3 | 3.13 | 31.23 | 34.36 | OK | |
r-devel-linux-x86_64-debian-gcc | 1.3 | 2.21 | 25.56 | 27.77 | OK | |
r-devel-linux-x86_64-fedora-clang | 1.3 | 40.74 | OK | |||
r-devel-linux-x86_64-fedora-gcc | 1.3 | 39.82 | OK | |||
r-devel-windows-ix86+x86_64 | 1.3 | 8.00 | 57.00 | 65.00 | OK | |
r-patched-linux-x86_64 | 1.3 | 3.08 | 31.10 | 34.18 | OK | |
r-patched-solaris-x86 | 1.3 | 60.20 | OK | |||
r-release-linux-x86_64 | 1.3 | 2.36 | 28.24 | 30.60 | OK | |
r-release-windows-ix86+x86_64 | 1.3 | 9.00 | 39.00 | 48.00 | WARN | |
r-release-osx-x86_64 | 1.3 | OK | ||||
r-oldrel-windows-ix86+x86_64 | 1.3 | 4.00 | 83.00 | 87.00 | WARN | |
r-oldrel-osx-x86_64 | 1.3 | OK |
Version: 1.3
Check: whether package can be installed
Result: WARN
Found the following significant warnings:
Warning: S3 methods 'as.promise.Future', 'as.promise.default', 'as.promise.promise', 'format.promise', 'print.promise' were declared in NAMESPACE but not found
Flavors: r-release-windows-ix86+x86_64, r-oldrel-windows-ix86+x86_64