Last updated on 2019-04-13 01:58:05 CEST.
Flavor | Version | Tinstall | Tcheck | Ttotal | Status | Flags |
---|---|---|---|---|---|---|
r-devel-linux-x86_64-debian-clang | 1.3.2 | 63.75 | 120.55 | 184.30 | OK | |
r-devel-linux-x86_64-debian-gcc | 1.3.2 | 52.42 | 101.61 | 154.03 | OK | |
r-devel-linux-x86_64-fedora-clang | 1.3.2 | 269.35 | NOTE | |||
r-devel-linux-x86_64-fedora-gcc | 1.3.2 | 239.23 | OK | |||
r-devel-windows-ix86+x86_64 | 1.3.2 | 166.00 | 253.00 | 419.00 | OK | |
r-patched-linux-x86_64 | 1.3.2 | 63.39 | 119.93 | 183.32 | OK | |
r-patched-solaris-x86 | 1.3.2 | 302.70 | OK | |||
r-release-linux-x86_64 | 1.3.2 | 58.86 | 116.22 | 175.08 | OK | |
r-release-windows-ix86+x86_64 | 1.3.2 | 115.00 | 191.00 | 306.00 | OK | |
r-release-osx-x86_64 | 1.3.2 | NOTE | ||||
r-oldrel-windows-ix86+x86_64 | 1.3.2 | 160.00 | 230.00 | 390.00 | OK | |
r-oldrel-osx-x86_64 | 1.3.1 | NOTE |
Version: 1.3.2
Check: installed package size
Result: NOTE
installed size is 9.8Mb
sub-directories of 1Mb or more:
libs 8.1Mb
Flavors: r-devel-linux-x86_64-fedora-clang, r-release-osx-x86_64
Version: 1.3.1
Check: installed package size
Result: NOTE
installed size is 10.3Mb
sub-directories of 1Mb or more:
libs 8.6Mb
Flavor: r-oldrel-osx-x86_64