CRAN Package Check Results for Package iotables

Last updated on 2019-04-13 01:58:07 CEST.

Flavor Version Tinstall Tcheck Ttotal Status Flags
r-devel-linux-x86_64-debian-clang 0.4.2 12.74 119.58 132.32 OK
r-devel-linux-x86_64-debian-gcc 0.4.2 12.27 96.67 108.94 OK
r-devel-linux-x86_64-fedora-clang 0.4.2 168.55 NOTE
r-devel-linux-x86_64-fedora-gcc 0.4.2 162.54 NOTE
r-devel-windows-ix86+x86_64 0.4.2 37.00 138.00 175.00 OK
r-patched-linux-x86_64 0.4.2 12.01 117.54 129.55 OK
r-patched-solaris-x86 0.4.2 247.90 NOTE
r-release-linux-x86_64 0.4.2 10.07 110.29 120.36 OK
r-release-windows-ix86+x86_64 0.4.2 27.00 174.00 201.00 OK
r-release-osx-x86_64 0.4.2 NOTE
r-oldrel-windows-ix86+x86_64 0.4.2 20.00 131.00 151.00 OK
r-oldrel-osx-x86_64 0.4.2 NOTE

Check Details

Version: 0.4.2
Check: data for non-ASCII characters
Result: NOTE
     Note: found 53206 marked UTF-8 strings
Flavors: r-devel-linux-x86_64-fedora-clang, r-devel-linux-x86_64-fedora-gcc, r-patched-solaris-x86, r-release-osx-x86_64, r-oldrel-osx-x86_64