Last updated on 2019-04-13 01:58:07 CEST.
Flavor | Version | Tinstall | Tcheck | Ttotal | Status | Flags |
---|---|---|---|---|---|---|
r-devel-linux-x86_64-debian-clang | 0.0-7 | 5.97 | 45.16 | 51.13 | NOTE | |
r-devel-linux-x86_64-debian-gcc | 0.0-7 | 5.27 | 36.51 | 41.78 | NOTE | |
r-devel-linux-x86_64-fedora-clang | 0.0-7 | 60.59 | NOTE | |||
r-devel-linux-x86_64-fedora-gcc | 0.0-7 | 58.78 | NOTE | |||
r-devel-windows-ix86+x86_64 | 0.0-7 | 14.00 | 80.00 | 94.00 | NOTE | |
r-patched-linux-x86_64 | 0.0-7 | 5.98 | 45.52 | 51.50 | NOTE | |
r-patched-solaris-x86 | 0.0-7 | 90.20 | NOTE | |||
r-release-linux-x86_64 | 0.0-7 | 4.39 | 42.10 | 46.49 | NOTE | |
r-release-windows-ix86+x86_64 | 0.0-7 | 11.00 | 50.00 | 61.00 | NOTE | |
r-release-osx-x86_64 | 0.0-7 | NOTE | ||||
r-oldrel-windows-ix86+x86_64 | 0.0-7 | 5.00 | 56.00 | 61.00 | NOTE | |
r-oldrel-osx-x86_64 | 0.0-7 | NOTE |
Version: 0.0-7
Check: R code for possible problems
Result: NOTE
code.simple.gaps: no visible global function definition for 'tail'
multistateMCMC: no visible global function definition for 'write.table'
multistateMCMC: no visible global function definition for 'read.table'
multistateMCMC: no visible global function definition for 'tail'
multistateML: no visible global function definition for 'tail'
multistateML: no visible global function definition for 'write.table'
multistateML: no visible global function definition for 'read.table'
phylo2mafft: no visible global function definition for 'write.table'
read.beast : foo: no visible global function definition for 'head'
read.beast: no visible global function definition for 'tail'
read.starbeast: no visible global function definition for 'head'
trimEnds : replaceWithN : getIndex: no visible global function
definition for 'head'
unresolve.clade: no visible global function definition for 'tail'
unresolve.clade: no visible global function definition for 'head'
write.fas: no visible global function definition for 'tail'
Undefined global functions or variables:
head read.table tail write.table
Consider adding
importFrom("utils", "head", "read.table", "tail", "write.table")
to your NAMESPACE file.
Flavors: r-devel-linux-x86_64-debian-clang, r-devel-linux-x86_64-debian-gcc, r-devel-linux-x86_64-fedora-clang, r-devel-linux-x86_64-fedora-gcc, r-devel-windows-ix86+x86_64, r-patched-linux-x86_64, r-patched-solaris-x86, r-release-linux-x86_64, r-release-windows-ix86+x86_64, r-release-osx-x86_64, r-oldrel-windows-ix86+x86_64, r-oldrel-osx-x86_64