Last updated on 2019-04-13 01:58:07 CEST.
Flavor | Version | Tinstall | Tcheck | Ttotal | Status | Flags |
---|---|---|---|---|---|---|
r-devel-linux-x86_64-debian-clang | 0.4.0 | 21.65 | 86.48 | 108.13 | OK | |
r-devel-linux-x86_64-debian-gcc | 0.4.0 | 18.59 | 68.62 | 87.21 | OK | |
r-devel-linux-x86_64-fedora-clang | 0.4.0 | 133.63 | NOTE | |||
r-devel-linux-x86_64-fedora-gcc | 0.4.0 | 127.38 | NOTE | |||
r-devel-windows-ix86+x86_64 | 0.4.0 | 58.00 | 143.00 | 201.00 | OK | |
r-patched-linux-x86_64 | 0.4.0 | 25.08 | 84.10 | 109.18 | OK | |
r-patched-solaris-x86 | 0.4.0 | 169.90 | NOTE | |||
r-release-linux-x86_64 | 0.4.0 | 22.20 | 76.40 | 98.60 | OK | |
r-release-windows-ix86+x86_64 | 0.4.0 | 54.00 | 175.00 | 229.00 | OK | |
r-release-osx-x86_64 | 0.4.0 | NOTE | ||||
r-oldrel-windows-ix86+x86_64 | 0.4.0 | 32.00 | 146.00 | 178.00 | OK | |
r-oldrel-osx-x86_64 | 0.4.0 | NOTE |
Version: 0.4.0
Check: dependencies in R code
Result: NOTE
Namespace in Imports field not imported from: ‘R6’
All declared Imports should be used.
Flavors: r-devel-linux-x86_64-fedora-clang, r-devel-linux-x86_64-fedora-gcc, r-patched-solaris-x86, r-release-osx-x86_64, r-oldrel-osx-x86_64