CRAN Package Check Results for Package jmcm

Last updated on 2019-04-13 01:58:07 CEST.

Flavor Version Tinstall Tcheck Ttotal Status Flags
r-devel-linux-x86_64-debian-clang 0.2.1 53.54 134.11 187.65 OK
r-devel-linux-x86_64-debian-gcc 0.2.1 40.74 134.85 175.59 OK
r-devel-linux-x86_64-fedora-clang 0.2.1 246.43 NOTE
r-devel-linux-x86_64-fedora-gcc 0.2.1 273.99 NOTE
r-devel-windows-ix86+x86_64 0.2.1 139.00 465.00 604.00 OK
r-patched-linux-x86_64 0.2.1 48.54 162.03 210.57 OK
r-patched-solaris-x86 0.2.1 427.80 NOTE
r-release-linux-x86_64 0.2.1 46.68 162.85 209.53 OK
r-release-windows-ix86+x86_64 0.2.1 146.00 444.00 590.00 OK
r-release-osx-x86_64 0.2.1 NOTE
r-oldrel-windows-ix86+x86_64 0.2.1 100.00 481.00 581.00 OK
r-oldrel-osx-x86_64 0.2.1 NOTE

Check Details

Version: 0.2.1
Check: installed package size
Result: NOTE
     installed size is 5.4Mb
     sub-directories of 1Mb or more:
     libs 4.3Mb
Flavors: r-devel-linux-x86_64-fedora-clang, r-release-osx-x86_64, r-oldrel-osx-x86_64

Version: 0.2.1
Check: dependencies in R code
Result: NOTE
    Namespace in Imports field not imported from: ‘lattice’
     All declared Imports should be used.
Flavors: r-devel-linux-x86_64-fedora-clang, r-devel-linux-x86_64-fedora-gcc, r-patched-solaris-x86, r-release-osx-x86_64, r-oldrel-osx-x86_64