Last updated on 2019-04-13 01:58:07 CEST.
Flavor | Version | Tinstall | Tcheck | Ttotal | Status | Flags |
---|---|---|---|---|---|---|
r-devel-linux-x86_64-debian-clang | 1.0.0 | 12.18 | 175.49 | 187.67 | OK | |
r-devel-linux-x86_64-debian-gcc | 1.0.0 | 9.71 | 131.68 | 141.39 | OK | |
r-devel-linux-x86_64-fedora-clang | 1.0.0 | 213.22 | OK | |||
r-devel-linux-x86_64-fedora-gcc | 1.0.0 | 207.80 | OK | |||
r-devel-windows-ix86+x86_64 | 1.0.0 | 31.00 | 170.00 | 201.00 | OK | |
r-patched-linux-x86_64 | 1.0.0 | 10.87 | 169.13 | 180.00 | OK | |
r-patched-solaris-x86 | 1.0.0 | 305.50 | OK | |||
r-release-linux-x86_64 | 1.0.0 | 8.80 | 166.91 | 175.71 | OK | |
r-release-windows-ix86+x86_64 | 1.0.0 | 24.00 | 174.00 | 198.00 | OK | |
r-release-osx-x86_64 | 1.0.0 | OK | ||||
r-oldrel-osx-x86_64 | 1.0.0 | ERROR |
Version: 1.0.0
Check: whether package can be installed
Result: ERROR
Installation failed.
Flavor: r-oldrel-osx-x86_64