Last updated on 2019-04-13 01:58:07 CEST.
Flavor | Version | Tinstall | Tcheck | Ttotal | Status | Flags |
---|---|---|---|---|---|---|
r-devel-linux-x86_64-debian-clang | 0.4.0 | 4.86 | 56.99 | 61.85 | OK | |
r-devel-linux-x86_64-debian-gcc | 0.4.0 | 3.97 | 44.39 | 48.36 | OK | |
r-devel-linux-x86_64-fedora-clang | 0.4.0 | 76.10 | OK | |||
r-devel-linux-x86_64-fedora-gcc | 0.4.0 | 69.14 | OK | |||
r-devel-windows-ix86+x86_64 | 0.4.0 | 14.00 | 70.00 | 84.00 | OK | |
r-patched-linux-x86_64 | 0.4.0 | 4.36 | 56.02 | 60.38 | OK | |
r-patched-solaris-x86 | 0.4.0 | 108.90 | OK | |||
r-release-linux-x86_64 | 0.4.0 | 3.16 | 56.01 | 59.17 | OK | |
r-release-windows-ix86+x86_64 | 0.4.0 | 9.00 | 98.00 | 107.00 | OK | |
r-release-osx-x86_64 | 0.4.0 | OK | ||||
r-oldrel-osx-x86_64 | 0.4.0 | ERROR |
Version: 0.4.0
Check: whether package can be installed
Result: ERROR
Installation failed.
Flavor: r-oldrel-osx-x86_64