Last updated on 2019-04-13 01:58:07 CEST.
Flavor | Version | Tinstall | Tcheck | Ttotal | Status | Flags |
---|---|---|---|---|---|---|
r-devel-linux-x86_64-debian-clang | 0.4.0 | 37.30 | 26.77 | 64.07 | OK | |
r-devel-linux-x86_64-debian-gcc | 0.4.0 | 33.36 | 23.08 | 56.44 | OK | |
r-devel-linux-x86_64-fedora-clang | 0.4.0 | 99.16 | NOTE | |||
r-devel-linux-x86_64-fedora-gcc | 0.4.0 | 88.32 | OK | |||
r-devel-windows-ix86+x86_64 | 0.2.1 | 96.00 | 84.00 | 180.00 | OK | |
r-patched-linux-x86_64 | 0.4.0 | 40.18 | 28.43 | 68.61 | OK | |
r-patched-solaris-x86 | 0.4.0 | 87.90 | OK | |||
r-release-linux-x86_64 | 0.2.1 | 41.64 | 27.09 | 68.73 | OK | |
r-release-windows-ix86+x86_64 | 0.2.1 | 101.00 | 79.00 | 180.00 | OK | |
r-release-osx-x86_64 | 0.2.1 | NOTE | ||||
r-oldrel-windows-ix86+x86_64 | 0.2.1 | 65.00 | 84.00 | 149.00 | OK | |
r-oldrel-osx-x86_64 | 0.2.1 | NOTE |
Version: 0.4.0
Check: installed package size
Result: NOTE
installed size is 11.8Mb
sub-directories of 1Mb or more:
libs 11.7Mb
Flavor: r-devel-linux-x86_64-fedora-clang
Version: 0.2.1
Check: installed package size
Result: NOTE
installed size is 12.9Mb
sub-directories of 1Mb or more:
libs 12.8Mb
Flavors: r-release-osx-x86_64, r-oldrel-osx-x86_64