Last updated on 2019-04-13 01:58:07 CEST.
Flavor | Version | Tinstall | Tcheck | Ttotal | Status | Flags |
---|---|---|---|---|---|---|
r-devel-linux-x86_64-debian-clang | 1.0.0 | 2.23 | 23.98 | 26.21 | OK | |
r-devel-linux-x86_64-debian-gcc | 1.0.0 | 1.95 | 19.34 | 21.29 | OK | |
r-devel-linux-x86_64-fedora-clang | 1.0.0 | 30.77 | OK | |||
r-devel-linux-x86_64-fedora-gcc | 1.0.0 | 30.31 | OK | |||
r-devel-windows-ix86+x86_64 | 1.0.0 | 6.00 | 65.00 | 71.00 | OK | |
r-patched-linux-x86_64 | 1.0.0 | 2.22 | 24.14 | 26.36 | OK | |
r-patched-solaris-x86 | 1.0.0 | 64.10 | OK | |||
r-release-linux-x86_64 | 1.0.0 | 1.48 | 22.96 | 24.44 | NOTE | |
r-release-windows-ix86+x86_64 | 1.0.0 | 5.00 | 44.00 | 49.00 | OK | |
r-release-osx-x86_64 | 1.0.0 | OK | ||||
r-oldrel-windows-ix86+x86_64 | 1.0.0 | 3.00 | 69.00 | 72.00 | OK | |
r-oldrel-osx-x86_64 | 1.0.0 | OK |
Version: 1.0.0
Check: DESCRIPTION meta-information
Result: NOTE
Dependence on R version ‘3.3.3’ not with patchlevel 0
Flavor: r-release-linux-x86_64