CRAN Package Check Results for Package landsepi

Last updated on 2019-04-13 01:58:08 CEST.

Flavor Version Tinstall Tcheck Ttotal Status Flags
r-devel-linux-x86_64-debian-clang 0.0.7 53.81 104.47 158.28 OK
r-devel-linux-x86_64-debian-gcc 0.0.7 42.79 87.65 130.44 OK
r-devel-linux-x86_64-fedora-clang 0.0.7 202.02 OK
r-devel-linux-x86_64-fedora-gcc 0.0.7 202.65 OK
r-devel-windows-ix86+x86_64 0.0.7 141.00 371.00 512.00 NOTE
r-patched-linux-x86_64 0.0.7 49.30 107.97 157.27 OK
r-patched-solaris-x86 0.0.7 274.30 OK
r-release-linux-x86_64 0.0.7 46.95 104.16 151.11 OK
r-release-windows-ix86+x86_64 0.0.7 140.00 264.00 404.00 NOTE
r-release-osx-x86_64 0.0.7 NOTE
r-oldrel-windows-ix86+x86_64 0.0.7 97.00 356.00 453.00 NOTE
r-oldrel-osx-x86_64 0.0.7 NOTE

Check Details

Version: 0.0.7
Check: installed package size
Result: NOTE
     installed size is 25.5Mb
     sub-directories of 1Mb or more:
     libs 24.2Mb
Flavors: r-devel-windows-ix86+x86_64, r-release-windows-ix86+x86_64, r-release-osx-x86_64, r-oldrel-windows-ix86+x86_64, r-oldrel-osx-x86_64