Last updated on 2019-04-13 01:58:08 CEST.
Flavor | Version | Tinstall | Tcheck | Ttotal | Status | Flags |
---|---|---|---|---|---|---|
r-devel-linux-x86_64-debian-clang | 1.0 | 25.77 | 81.35 | 107.12 | OK | |
r-devel-linux-x86_64-debian-gcc | 1.0 | 21.96 | 65.18 | 87.14 | OK | |
r-devel-linux-x86_64-fedora-clang | 1.0 | 144.45 | NOTE | |||
r-devel-linux-x86_64-fedora-gcc | 1.0 | 137.97 | OK | |||
r-devel-windows-ix86+x86_64 | 1.0 | 63.00 | 158.00 | 221.00 | NOTE | |
r-patched-linux-x86_64 | 1.0 | 24.72 | 81.34 | 106.06 | OK | |
r-patched-solaris-x86 | 1.0 | 176.60 | OK | |||
r-release-linux-x86_64 | 1.0 | 22.70 | 82.71 | 105.41 | OK | |
r-release-windows-ix86+x86_64 | 1.0 | 68.00 | 117.00 | 185.00 | NOTE | |
r-release-osx-x86_64 | 1.0 | NOTE | ||||
r-oldrel-windows-ix86+x86_64 | 1.0 | 44.00 | 123.00 | 167.00 | NOTE | |
r-oldrel-osx-x86_64 | 1.0 | NOTE |
Version: 1.0
Check: installed package size
Result: NOTE
installed size is 5.3Mb
sub-directories of 1Mb or more:
data 3.3Mb
doc 1.2Mb
Flavors: r-devel-linux-x86_64-fedora-clang, r-devel-windows-ix86+x86_64, r-release-windows-ix86+x86_64, r-release-osx-x86_64, r-oldrel-windows-ix86+x86_64, r-oldrel-osx-x86_64