CRAN Package Check Results for Package longpower

Last updated on 2019-04-13 01:58:08 CEST.

Flavor Version Tinstall Tcheck Ttotal Status Flags
r-devel-linux-x86_64-debian-clang 1.0-19 7.26 74.50 81.76 OK
r-devel-linux-x86_64-debian-gcc 1.0-19 7.14 60.03 67.17 OK
r-devel-linux-x86_64-fedora-clang 1.0-19 99.84 OK
r-devel-linux-x86_64-fedora-gcc 1.0-19 96.24 OK
r-devel-windows-ix86+x86_64 1.0-19 19.00 120.00 139.00 OK
r-patched-linux-x86_64 1.0-19 7.95 74.48 82.43 OK
r-patched-solaris-x86 1.0-19 156.00 OK
r-release-linux-x86_64 1.0-19 5.03 71.34 76.37 ERROR
r-release-windows-ix86+x86_64 1.0-19 13.00 117.00 130.00 OK
r-release-osx-x86_64 1.0-19 OK
r-oldrel-windows-ix86+x86_64 1.0-19 7.00 87.00 94.00 OK
r-oldrel-osx-x86_64 1.0-19 OK

Check Details

Version: 1.0-19
Check: examples
Result: ERROR
    Running examples in ‘longpower-Ex.R’ failed
    The error most likely occurred in:
    
    > base::assign(".ptime", proc.time(), pos = "CheckExEnv")
    > ### Name: lmmpower
    > ### Title: Sample size calculations for linear mixed models of rate of
    > ### change based on lmer, lme, or gee "placebo" pilot estimates.
    > ### Aliases: lmmpower lmmpower.double lmmpower-methods lmmpower,ANY-method
    > ### lmmpower,merMod-method lmmpower.default lmmpower.lme lmmpower.gee
    > ### lmmpower.numeric
    > ### Keywords: effects marginal methods mixed model power random sample size
    >
    > ### ** Examples
    >
    >
    > ## Not run:
    > ##D browseVignettes(package = "longpower")
    > ## End(Not run)
    >
    > lmmpower(delta=1.5, t = seq(0,1.5,0.25),
    + sig2.i = 55, sig2.s = 24, sig2.e = 10, cov.s.i=0.8*sqrt(55)*sqrt(24), power = 0.80)
    Error in UseMethod("lmmpower") :
     no applicable method for 'lmmpower' applied to an object of class "c('double', 'numeric')"
    Calls: lmmpower -> lmmpower
    Execution halted
Flavor: r-release-linux-x86_64