Last updated on 2019-04-13 01:58:09 CEST.
Flavor | Version | Tinstall | Tcheck | Ttotal | Status | Flags |
---|---|---|---|---|---|---|
r-devel-linux-x86_64-debian-clang | 1.1.1 | 111.60 | 42.16 | 153.76 | OK | |
r-devel-linux-x86_64-debian-gcc | 1.1.1 | 100.82 | 33.47 | 134.29 | OK | |
r-devel-linux-x86_64-fedora-clang | 1.1.1 | 239.38 | NOTE | |||
r-devel-linux-x86_64-fedora-gcc | 1.1.1 | 231.88 | OK | |||
r-devel-windows-ix86+x86_64 | 1.1.1 | 296.00 | 116.00 | 412.00 | OK | |
r-patched-linux-x86_64 | 1.1.1 | 115.57 | 42.59 | 158.16 | OK | |
r-patched-solaris-x86 | 1.1.1 | 238.40 | OK | |||
r-release-linux-x86_64 | 1.1.1 | 111.96 | 41.46 | 153.42 | OK | |
r-release-windows-ix86+x86_64 | 1.1.1 | 302.00 | 87.00 | 389.00 | OK | |
r-release-osx-x86_64 | 1.1.1 | OK | ||||
r-oldrel-windows-ix86+x86_64 | 1.1.1 | 205.00 | 88.00 | 293.00 | OK | |
r-oldrel-osx-x86_64 | 1.1.1 | OK |
Version: 1.1.1
Check: installed package size
Result: NOTE
installed size is 5.5Mb
sub-directories of 1Mb or more:
libs 5.3Mb
Flavor: r-devel-linux-x86_64-fedora-clang