Last updated on 2019-04-13 01:58:09 CEST.
Flavor | Version | Tinstall | Tcheck | Ttotal | Status | Flags |
---|---|---|---|---|---|---|
r-devel-linux-x86_64-debian-clang | 1.0 | 5.04 | 70.79 | 75.83 | OK | |
r-devel-linux-x86_64-debian-gcc | 1.0 | 3.62 | 55.73 | 59.35 | OK | |
r-devel-linux-x86_64-fedora-clang | 1.0 | 93.46 | NOTE | |||
r-devel-linux-x86_64-fedora-gcc | 1.0 | 85.54 | NOTE | |||
r-devel-windows-ix86+x86_64 | 1.0 | 13.00 | 79.00 | 92.00 | OK | |
r-patched-linux-x86_64 | 1.0 | 4.54 | 70.48 | 75.02 | OK | |
r-patched-solaris-x86 | 1.0 | 126.60 | NOTE | |||
r-release-linux-x86_64 | 1.0 | 3.66 | 69.18 | 72.84 | OK | |
r-release-windows-ix86+x86_64 | 1.0 | 13.00 | 88.00 | 101.00 | OK | |
r-release-osx-x86_64 | 1.0 | NOTE | ||||
r-oldrel-windows-ix86+x86_64 | 1.0 | 6.00 | 91.00 | 97.00 | OK | |
r-oldrel-osx-x86_64 | 1.0 | NOTE |
Version: 1.0
Check: dependencies in R code
Result: NOTE
Namespaces in Imports field not imported from:
‘e1071’ ‘utils’
All declared Imports should be used.
Flavors: r-devel-linux-x86_64-fedora-clang, r-devel-linux-x86_64-fedora-gcc, r-patched-solaris-x86, r-release-osx-x86_64, r-oldrel-osx-x86_64