Last updated on 2019-04-13 01:58:09 CEST.
Flavor | Version | Tinstall | Tcheck | Ttotal | Status | Flags |
---|---|---|---|---|---|---|
r-devel-linux-x86_64-debian-clang | 0.0.3 | 5.13 | 52.43 | 57.56 | OK | |
r-devel-linux-x86_64-debian-gcc | 0.0.3 | 4.66 | 41.27 | 45.93 | OK | |
r-devel-linux-x86_64-fedora-clang | 0.0.3 | 70.89 | NOTE | |||
r-devel-linux-x86_64-fedora-gcc | 0.0.3 | 68.46 | NOTE | |||
r-devel-windows-ix86+x86_64 | 0.0.3 | 13.00 | 60.00 | 73.00 | OK | |
r-patched-linux-x86_64 | 0.0.3 | 5.20 | 50.37 | 55.57 | OK | |
r-patched-solaris-x86 | 0.0.3 | 109.00 | NOTE | |||
r-release-linux-x86_64 | 0.0.3 | 3.37 | 49.93 | 53.30 | OK | |
r-release-windows-ix86+x86_64 | 0.0.3 | 16.00 | 105.00 | 121.00 | OK | |
r-release-osx-x86_64 | 0.0.3 | NOTE | ||||
r-oldrel-windows-ix86+x86_64 | 0.0.3 | 10.00 | 72.00 | 82.00 | OK | |
r-oldrel-osx-x86_64 | 0.0.3 | NOTE |
Version: 0.0.3
Check: dependencies in R code
Result: NOTE
Namespaces in Imports field not imported from:
‘Rcpp’ ‘cmprsk’ ‘colorspace’ ‘etm’ ‘fracdiff’ ‘gtable’ ‘munsell’
‘numDeriv’ ‘plyr’ ‘quadprog’ ‘scales’ ‘timeDate’ ‘tseries’ ‘zoo’
All declared Imports should be used.
Flavors: r-devel-linux-x86_64-fedora-clang, r-devel-linux-x86_64-fedora-gcc, r-patched-solaris-x86, r-release-osx-x86_64, r-oldrel-osx-x86_64