CRAN Package Check Results for Package manymodelr

Last updated on 2019-04-13 01:58:09 CEST.

Flavor Version Tinstall Tcheck Ttotal Status Flags
r-devel-linux-x86_64-debian-clang 0.1.0 10.35 86.13 96.48 OK
r-devel-linux-x86_64-debian-gcc 0.1.0 9.16 68.05 77.21 OK
r-devel-linux-x86_64-fedora-clang 0.1.0 115.44 NOTE
r-devel-linux-x86_64-fedora-gcc 0.1.0 119.38 NOTE
r-devel-windows-ix86+x86_64 0.1.0 24.00 154.00 178.00 OK
r-patched-linux-x86_64 0.1.0 9.82 84.17 93.99 OK
r-patched-solaris-x86 0.1.0 185.30 NOTE
r-release-linux-x86_64 0.1.0 6.87 83.34 90.21 OK
r-release-windows-ix86+x86_64 0.1.0 26.00 97.00 123.00 OK
r-release-osx-x86_64 0.1.0 NOTE
r-oldrel-windows-ix86+x86_64 0.1.0 12.00 97.00 109.00 OK
r-oldrel-osx-x86_64 0.1.0 NOTE

Check Details

Version: 0.1.0
Check: dependencies in R code
Result: NOTE
    Namespaces in Imports field not imported from:
     ‘Metrics’ ‘plyr’ ‘tidyr’
     All declared Imports should be used.
Flavors: r-devel-linux-x86_64-fedora-clang, r-devel-linux-x86_64-fedora-gcc, r-patched-solaris-x86, r-release-osx-x86_64, r-oldrel-osx-x86_64