Last updated on 2019-04-13 01:58:09 CEST.
Flavor | Version | Tinstall | Tcheck | Ttotal | Status | Flags |
---|---|---|---|---|---|---|
r-devel-linux-x86_64-debian-clang | 0.54.0 | 142.47 | 156.18 | 298.65 | OK | |
r-devel-linux-x86_64-debian-gcc | 0.54.0 | 95.70 | 121.35 | 217.05 | OK | |
r-devel-linux-x86_64-fedora-clang | 0.54.0 | 407.29 | NOTE | |||
r-devel-linux-x86_64-fedora-gcc | 0.54.0 | 370.22 | OK | |||
r-devel-windows-ix86+x86_64 | 0.54.0 | 405.00 | 292.00 | 697.00 | NOTE | |
r-patched-linux-x86_64 | 0.54.0 | 111.51 | 156.18 | 267.69 | OK | |
r-patched-solaris-x86 | 0.54.0 | 806.20 | NOTE | |||
r-release-linux-x86_64 | 0.54.0 | 106.10 | 159.49 | 265.59 | OK | |
r-release-windows-ix86+x86_64 | 0.54.0 | 314.00 | 294.00 | 608.00 | NOTE | |
r-release-osx-x86_64 | 0.54.0 | NOTE | ||||
r-oldrel-windows-ix86+x86_64 | 0.54.0 | 304.00 | 313.00 | 617.00 | NOTE | |
r-oldrel-osx-x86_64 | 0.54.0 | NOTE |
Version: 0.54.0
Check: installed package size
Result: NOTE
installed size is 9.7Mb
sub-directories of 1Mb or more:
libs 9.0Mb
Flavors: r-devel-linux-x86_64-fedora-clang, r-devel-windows-ix86+x86_64, r-patched-solaris-x86, r-release-windows-ix86+x86_64, r-release-osx-x86_64, r-oldrel-windows-ix86+x86_64, r-oldrel-osx-x86_64