Last updated on 2019-04-13 01:58:10 CEST.
Flavor | Version | Tinstall | Tcheck | Ttotal | Status | Flags |
---|---|---|---|---|---|---|
r-devel-linux-x86_64-debian-clang | 0.7.4 | 189.93 | 512.99 | 702.92 | OK | |
r-devel-linux-x86_64-debian-gcc | 0.7.4 | 196.95 | 391.95 | 588.90 | OK | |
r-devel-linux-x86_64-fedora-clang | 0.7.4 | 1024.63 | NOTE | |||
r-devel-linux-x86_64-fedora-gcc | 0.7.4 | 1001.61 | OK | |||
r-devel-windows-ix86+x86_64 | 0.7.4 | 483.00 | 756.00 | 1239.00 | NOTE | |
r-patched-linux-x86_64 | 0.7.4 | 240.10 | 496.66 | 736.76 | OK | |
r-patched-solaris-x86 | 0.7.4 | 1437.50 | OK | |||
r-release-linux-x86_64 | 0.7.4 | 238.54 | 450.71 | 689.25 | OK | |
r-release-windows-ix86+x86_64 | 0.7.4 | 577.00 | 494.00 | 1071.00 | NOTE | |
r-release-osx-x86_64 | 0.7.4 | NOTE | ||||
r-oldrel-windows-ix86+x86_64 | 0.7.4 | 372.00 | 549.00 | 921.00 | NOTE | |
r-oldrel-osx-x86_64 | 0.7.4 | NOTE |
Version: 0.7.4
Check: installed package size
Result: NOTE
installed size is 21.4Mb
sub-directories of 1Mb or more:
libs 19.7Mb
Flavors: r-devel-linux-x86_64-fedora-clang, r-devel-windows-ix86+x86_64, r-release-windows-ix86+x86_64, r-release-osx-x86_64, r-oldrel-windows-ix86+x86_64, r-oldrel-osx-x86_64