CRAN Package Check Results for Package melviewr

Last updated on 2019-04-13 01:58:10 CEST.

Flavor Version Tinstall Tcheck Ttotal Status Flags
r-devel-linux-x86_64-debian-clang 0.0.1 0.49 1.87 2.36 ERROR
r-devel-linux-x86_64-debian-gcc 0.0.1 6.10 43.15 49.25 OK
r-devel-linux-x86_64-fedora-clang 0.0.1 70.69 NOTE
r-devel-linux-x86_64-fedora-gcc 0.0.1 69.70 NOTE
r-devel-windows-ix86+x86_64 0.0.1 19.00 81.00 100.00 OK
r-patched-linux-x86_64 0.0.1 7.92 52.48 60.40 OK
r-patched-solaris-x86 0.0.1 121.10 NOTE
r-release-linux-x86_64 0.0.1 4.46 50.72 55.18 OK
r-release-windows-ix86+x86_64 0.0.1 14.00 57.00 71.00 OK
r-release-osx-x86_64 0.0.1 ERROR
r-oldrel-windows-ix86+x86_64 0.0.1 10.00 54.00 64.00 OK
r-oldrel-osx-x86_64 0.0.1 ERROR

Check Details

Version: 0.0.1
Check: package dependencies
Result: ERROR
    Package required but not available: 'gWidgetsRGtk2'
    
    See section 'The DESCRIPTION file' in the 'Writing R Extensions'
    manual.
Flavor: r-devel-linux-x86_64-debian-clang

Version: 0.0.1
Check: dependencies in R code
Result: NOTE
    Namespaces in Imports field not imported from:
     ‘RColorBrewer’ ‘RGtk2’ ‘RNifti’ ‘cairoDevice’ ‘gtools’ ‘jsonlite’
     All declared Imports should be used.
Flavors: r-devel-linux-x86_64-fedora-clang, r-devel-linux-x86_64-fedora-gcc, r-patched-solaris-x86

Version: 0.0.1
Check: package dependencies
Result: ERROR
    Packages required but not available: ‘gWidgetsRGtk2’ ‘RGtk2’ ‘cairoDevice’
    
    See section ‘The DESCRIPTION file’ in the ‘Writing R Extensions’
    manual.
Flavors: r-release-osx-x86_64, r-oldrel-osx-x86_64