Last updated on 2019-04-13 01:58:10 CEST.
Flavor | Version | Tinstall | Tcheck | Ttotal | Status | Flags |
---|---|---|---|---|---|---|
r-devel-linux-x86_64-debian-clang | 0.3 | 12.47 | 102.10 | 114.57 | OK | |
r-devel-linux-x86_64-debian-gcc | 0.3 | 11.17 | 84.38 | 95.55 | OK | |
r-devel-linux-x86_64-fedora-clang | 0.3 | 139.98 | OK | |||
r-devel-linux-x86_64-fedora-gcc | 0.3 | 130.47 | OK | |||
r-devel-windows-ix86+x86_64 | 0.3 | 36.00 | 130.00 | 166.00 | OK | |
r-patched-linux-x86_64 | 0.3 | 13.46 | 101.17 | 114.63 | OK | |
r-patched-solaris-x86 | 0.3 | 214.40 | OK | |||
r-release-linux-x86_64 | 0.3 | 10.24 | 100.14 | 110.38 | OK | |
r-release-windows-ix86+x86_64 | 0.3 | 32.00 | 125.00 | 157.00 | OK | |
r-release-osx-x86_64 | 0.3 | ERROR | ||||
r-oldrel-windows-ix86+x86_64 | 0.3 | 16.00 | 135.00 | 151.00 | OK | |
r-oldrel-osx-x86_64 | 0.3 | ERROR |
Version: 0.3
Check: package dependencies
Result: ERROR
Package required but not available: ‘Rmpi’
See section ‘The DESCRIPTION file’ in the ‘Writing R Extensions’
manual.
Flavors: r-release-osx-x86_64, r-oldrel-osx-x86_64