Last updated on 2019-04-13 01:58:11 CEST.
Flavor | Version | Tinstall | Tcheck | Ttotal | Status | Flags |
---|---|---|---|---|---|---|
r-devel-linux-x86_64-debian-clang | 1.4 | 2.34 | 21.79 | 24.13 | NOTE | |
r-devel-linux-x86_64-debian-gcc | 1.4 | 1.94 | 17.72 | 19.66 | NOTE | |
r-devel-linux-x86_64-fedora-clang | 1.4 | 28.98 | NOTE | |||
r-devel-linux-x86_64-fedora-gcc | 1.4 | 27.62 | NOTE | |||
r-devel-windows-ix86+x86_64 | 1.4 | 6.00 | 46.00 | 52.00 | NOTE | |
r-patched-linux-x86_64 | 1.4 | 2.08 | 21.93 | 24.01 | NOTE | |
r-patched-solaris-x86 | 1.4 | 45.10 | NOTE | |||
r-release-linux-x86_64 | 1.4 | 1.48 | 21.58 | 23.06 | NOTE | |
r-release-windows-ix86+x86_64 | 1.4 | 4.00 | 36.00 | 40.00 | NOTE | |
r-release-osx-x86_64 | 1.4 | NOTE | ||||
r-oldrel-windows-ix86+x86_64 | 1.4 | 2.00 | 48.00 | 50.00 | NOTE | |
r-oldrel-osx-x86_64 | 1.4 | NOTE |
Version: 1.4
Check: R code for possible problems
Result: NOTE
missForest: no visible global function definition for 'predict'
missForest: no visible global function definition for 'idiv'
missForest: no visible global function definition for 'var'
nrmse: no visible global function definition for 'var'
Undefined global functions or variables:
idiv predict var
Consider adding
importFrom("stats", "predict", "var")
to your NAMESPACE file.
Flavors: r-devel-linux-x86_64-debian-clang, r-devel-linux-x86_64-debian-gcc, r-devel-linux-x86_64-fedora-clang, r-devel-linux-x86_64-fedora-gcc, r-devel-windows-ix86+x86_64, r-patched-linux-x86_64, r-patched-solaris-x86, r-release-linux-x86_64, r-release-windows-ix86+x86_64, r-release-osx-x86_64, r-oldrel-windows-ix86+x86_64, r-oldrel-osx-x86_64