Last updated on 2019-04-13 01:58:11 CEST.
Flavor | Version | Tinstall | Tcheck | Ttotal | Status | Flags |
---|---|---|---|---|---|---|
r-devel-linux-x86_64-debian-clang | 0.0.1 | 8.62 | 115.61 | 124.23 | OK | |
r-devel-linux-x86_64-debian-gcc | 0.0.1 | 7.34 | 89.96 | 97.30 | OK | |
r-devel-linux-x86_64-fedora-clang | 0.0.1 | 147.88 | OK | |||
r-devel-linux-x86_64-fedora-gcc | 0.0.1 | 139.91 | OK | |||
r-devel-windows-ix86+x86_64 | 0.0.1 | 22.00 | 120.00 | 142.00 | OK | |
r-patched-linux-x86_64 | 0.0.1 | 9.69 | 114.63 | 124.32 | OK | |
r-patched-solaris-x86 | 0.0.1 | 131.80 | OK | |||
r-release-linux-x86_64 | 0.0.1 | 6.39 | 63.48 | 69.87 | WARN | |
r-release-windows-ix86+x86_64 | 0.0.1 | 12.00 | 154.00 | 166.00 | OK | |
r-release-osx-x86_64 | 0.0.1 | OK | ||||
r-oldrel-windows-ix86+x86_64 | 0.0.1 | 7.00 | 126.00 | 133.00 | OK | |
r-oldrel-osx-x86_64 | 0.0.1 | OK |
Version: 0.0.1
Check: re-building of vignette outputs
Result: WARN
Error in re-building vignettes:
...
Attaching package: 'mistr'
The following object is masked from 'package:base':
q
Quitting from lines 180-184 (mistr-extensions.Rmd)
Error: processing vignette ‘mistr-extensions.Rmd’ failed with diagnostics:
Objects of type trans_contdist/trans_standist/trans_univdist/dist not supported by autoplot.
Execution halted
Flavor: r-release-linux-x86_64