CRAN Package Check Results for Package mma

Last updated on 2019-04-13 01:58:11 CEST.

Flavor Version Tinstall Tcheck Ttotal Status Flags
r-devel-linux-x86_64-debian-clang 8.0-0 24.07 136.37 160.44 OK
r-devel-linux-x86_64-debian-gcc 8.0-0 20.38 102.89 123.27 OK
r-devel-linux-x86_64-fedora-clang 8.0-0 195.64 NOTE
r-devel-linux-x86_64-fedora-gcc 8.0-0 174.31 NOTE
r-devel-windows-ix86+x86_64 8.0-0 34.00 125.00 159.00 OK
r-patched-linux-x86_64 8.0-0 23.65 133.23 156.88 OK
r-patched-solaris-x86 8.0-0 252.50 NOTE
r-release-linux-x86_64 8.0-0 19.12 126.97 146.09 OK
r-release-windows-ix86+x86_64 8.0-0 40.00 117.00 157.00 OK
r-release-osx-x86_64 8.0-0 NOTE
r-oldrel-windows-ix86+x86_64 8.0-0 11.00 142.00 153.00 OK
r-oldrel-osx-x86_64 7.0-0 NOTE

Check Details

Version: 8.0-0
Check: dependencies in R code
Result: NOTE
    Namespace in Imports field not imported from: ‘plotrix’
     All declared Imports should be used.
Flavors: r-devel-linux-x86_64-fedora-clang, r-devel-linux-x86_64-fedora-gcc, r-patched-solaris-x86, r-release-osx-x86_64

Version: 7.0-0
Check: dependencies in R code
Result: NOTE
    Namespace in Imports field not imported from: ‘plotrix’
     All declared Imports should be used.
Flavor: r-oldrel-osx-x86_64