CRAN Package Check Results for Package modcmfitr

Last updated on 2019-04-13 01:58:11 CEST.

Flavor Version Tinstall Tcheck Ttotal Status Flags
r-devel-linux-x86_64-debian-clang 0.1.0 1.86 61.89 63.75 OK
r-devel-linux-x86_64-debian-gcc 0.1.0 1.51 47.93 49.44 OK
r-devel-linux-x86_64-fedora-clang 0.1.0 80.16 OK
r-devel-linux-x86_64-fedora-gcc 0.1.0 74.17 OK
r-devel-windows-ix86+x86_64 0.1.0 7.00 76.00 83.00 OK
r-patched-linux-x86_64 0.1.0 1.57 59.50 61.07 NOTE
r-patched-solaris-x86 0.1.0 128.10 OK
r-release-linux-x86_64 0.1.0 1.15 58.34 59.49 NOTE
r-release-windows-ix86+x86_64 0.1.0 3.00 67.00 70.00 OK
r-release-osx-x86_64 0.1.0 OK
r-oldrel-windows-ix86+x86_64 0.1.0 3.00 78.00 81.00 OK
r-oldrel-osx-x86_64 0.1.0 OK

Check Details

Version: 0.1.0
Check: DESCRIPTION meta-information
Result: NOTE
    Dependence on R version ‘3.4.2’ not with patchlevel 0
Flavors: r-patched-linux-x86_64, r-release-linux-x86_64