CRAN Package Check Results for Package mpbart

Last updated on 2019-04-13 01:58:11 CEST.

Flavor Version Tinstall Tcheck Ttotal Status Flags
r-devel-linux-x86_64-debian-clang 0.2 10.70 34.79 45.49 OK
r-devel-linux-x86_64-debian-gcc 0.2 8.82 28.16 36.98 OK
r-devel-linux-x86_64-fedora-clang 0.2 58.64 NOTE
r-devel-linux-x86_64-fedora-gcc 0.2 53.54 NOTE
r-devel-windows-ix86+x86_64 0.2 34.00 94.00 128.00 OK
r-patched-linux-x86_64 0.2 9.85 35.84 45.69 OK
r-patched-solaris-x86 0.2 108.10 OK
r-release-linux-x86_64 0.2 9.91 34.26 44.17 OK
r-release-windows-ix86+x86_64 0.2 31.00 69.00 100.00 OK
r-release-osx-x86_64 0.2 OK
r-oldrel-windows-ix86+x86_64 0.2 23.00 68.00 91.00 OK
r-oldrel-osx-x86_64 0.2 OK

Check Details

Version: 0.2
Check: compiled code
Result: NOTE
    File ‘mpbart/libs/mpbart.so’:
     Found no calls to: ‘R_registerRoutines’, ‘R_useDynamicSymbols’
    
    It is good practice to register native routines and to disable symbol
    search.
    
    See ‘Writing portable packages’ in the ‘Writing R Extensions’ manual.
Flavors: r-devel-linux-x86_64-fedora-clang, r-devel-linux-x86_64-fedora-gcc