Last updated on 2019-04-13 01:58:12 CEST.
Flavor | Version | Tinstall | Tcheck | Ttotal | Status | Flags |
---|---|---|---|---|---|---|
r-devel-linux-x86_64-debian-clang | 1.0-10 | 6.04 | 84.88 | 90.92 | OK | |
r-devel-linux-x86_64-debian-gcc | 1.0-10 | 4.08 | 58.11 | 62.19 | OK | |
r-devel-linux-x86_64-fedora-clang | 1.0-10 | 111.15 | OK | |||
r-devel-linux-x86_64-fedora-gcc | 1.0-10 | 105.94 | OK | |||
r-devel-windows-ix86+x86_64 | 1.0-10 | 28.00 | 194.00 | 222.00 | OK | |
r-patched-linux-x86_64 | 1.0-10 | 4.98 | 81.98 | 86.96 | OK | |
r-patched-solaris-x86 | 1.0-10 | 149.20 | OK | |||
r-release-linux-x86_64 | 1.0-10 | 4.33 | 81.59 | 85.92 | OK | |
r-release-windows-ix86+x86_64 | 1.0-10 | 16.00 | 183.00 | 199.00 | OK | |
r-release-osx-x86_64 | 1.0-10 | OK | ||||
r-oldrel-windows-ix86+x86_64 | 1.0-8 | 17.00 | 197.00 | 214.00 | OK | |
r-oldrel-osx-x86_64 | 1.0-10 | ERROR |
Version: 1.0-10
Check: whether package can be installed
Result: ERROR
Installation failed.
Flavor: r-oldrel-osx-x86_64