CRAN Package Check Results for Package ndl

Last updated on 2019-04-13 01:58:12 CEST.

Flavor Version Tinstall Tcheck Ttotal Status Flags
r-devel-linux-x86_64-debian-clang 0.2.18 21.20 58.90 80.10 OK
r-devel-linux-x86_64-debian-gcc 0.2.18 18.08 46.02 64.10 OK
r-devel-linux-x86_64-fedora-clang 0.2.18 104.69 NOTE
r-devel-linux-x86_64-fedora-gcc 0.2.18 96.88 NOTE
r-devel-windows-ix86+x86_64 0.2.18 63.00 161.00 224.00 OK
r-patched-linux-x86_64 0.2.18 21.05 58.82 79.87 OK
r-patched-solaris-x86 0.2.18 130.90 NOTE
r-release-linux-x86_64 0.2.18 21.69 55.76 77.45 OK
r-release-windows-ix86+x86_64 0.2.18 59.00 142.00 201.00 OK
r-release-osx-x86_64 0.2.18 NOTE
r-oldrel-windows-ix86+x86_64 0.2.18 36.00 98.00 134.00 OK
r-oldrel-osx-x86_64 0.2.18 NOTE

Check Details

Version: 0.2.18
Check: data for non-ASCII characters
Result: NOTE
     Note: found 7332 marked UTF-8 strings
Flavors: r-devel-linux-x86_64-fedora-clang, r-devel-linux-x86_64-fedora-gcc, r-patched-solaris-x86, r-release-osx-x86_64, r-oldrel-osx-x86_64