CRAN Package Check Results for Package nloptr

Last updated on 2019-04-13 01:58:12 CEST.

Flavor Version Tinstall Tcheck Ttotal Status Flags
r-devel-linux-x86_64-debian-clang 1.2.1 7.36 41.64 49.00 NOTE
r-devel-linux-x86_64-debian-gcc 1.2.1 5.40 32.78 38.18 NOTE
r-devel-linux-x86_64-fedora-clang 1.2.1 58.33 NOTE
r-devel-linux-x86_64-fedora-gcc 1.2.1 55.52 NOTE
r-devel-windows-ix86+x86_64 1.2.1 24.00 121.00 145.00 ERROR
r-patched-linux-x86_64 1.2.1 6.34 41.85 48.19 NOTE
r-patched-solaris-x86 1.2.1 151.20 NOTE
r-release-linux-x86_64 1.2.1 5.46 38.55 44.01 OK
r-release-windows-ix86+x86_64 1.2.1 14.00 112.00 126.00 OK
r-release-osx-x86_64 1.2.1 OK
r-oldrel-windows-ix86+x86_64 1.2.1 15.00 89.00 104.00 OK
r-oldrel-osx-x86_64 1.2.1 OK

Check Details

Version: 1.2.1
Check: line endings in C/C++/Fortran sources/headers
Result: NOTE
    Found the following sources/headers with CR or CRLF line endings:
     inst/include/nloptrAPI.h
    Some Unix compilers require LF line endings.
Flavors: r-devel-linux-x86_64-debian-clang, r-devel-linux-x86_64-debian-gcc, r-devel-linux-x86_64-fedora-clang, r-devel-linux-x86_64-fedora-gcc, r-devel-windows-ix86+x86_64, r-patched-linux-x86_64, r-patched-solaris-x86

Version: 1.2.1
Check: running tests for arch ‘i386’
Result: ERROR
     Running 'test-all.R' [14s]
    Running the tests in 'tests/test-all.R' failed.
    Complete output:
     > if(require("testthat", quietly = TRUE)) {
     + test_check("nloptr")
     + } else {
     + print( "package 'testthat' not available, cannot run unit tests" )
     + }
     Loading required package: nloptr
     -- 1. Failure: Test that solver stops when maxtime is reached. (@test-options-ma
     `x` not equal to `expected`.
     1/1 mismatches
     [1] 1 - 6 == -5
    
     == testthat results ===========================================================
     OK: 46 SKIPPED: 0 FAILED: 1
     1. Failure: Test that solver stops when maxtime is reached. (@test-options-maxtime.R#42)
    
     Error: testthat unit tests failed
     Execution halted
Flavor: r-devel-windows-ix86+x86_64