CRAN Package Check Results for Package nodbi

Last updated on 2019-04-13 01:58:12 CEST.

Flavor Version Tinstall Tcheck Ttotal Status Flags
r-devel-linux-x86_64-debian-clang 0.1.0 2.52 26.27 28.79 NOTE
r-devel-linux-x86_64-debian-gcc 0.1.0 2.08 20.73 22.81 NOTE
r-devel-linux-x86_64-fedora-clang 0.1.0 34.24 NOTE
r-devel-linux-x86_64-fedora-gcc 0.1.0 32.63 NOTE
r-devel-windows-ix86+x86_64 0.1.0 9.00 35.00 44.00 OK
r-patched-linux-x86_64 0.1.0 2.52 25.44 27.96 NOTE
r-patched-solaris-x86 0.1.0 48.50 NOTE
r-release-linux-x86_64 0.1.0 1.66 24.89 26.55 NOTE
r-release-windows-ix86+x86_64 0.1.0 3.00 49.00 52.00 OK
r-release-osx-x86_64 0.1.0 OK
r-oldrel-windows-ix86+x86_64 0.1.0 4.00 38.00 42.00 OK
r-oldrel-osx-x86_64 0.1.0 OK

Check Details

Version: 0.1.0
Check: dependencies in R code
Result: NOTE
    Missing or unexported object: 'elastic::connection'
Flavors: r-devel-linux-x86_64-debian-clang, r-devel-linux-x86_64-debian-gcc, r-devel-linux-x86_64-fedora-clang, r-devel-linux-x86_64-fedora-gcc, r-patched-linux-x86_64, r-patched-solaris-x86, r-release-linux-x86_64

Version: 0.1.0
Check: package dependencies
Result: NOTE
    Package suggested but not available for checking: ‘redux’
Flavor: r-patched-solaris-x86

Version: 0.1.0
Check: Rd cross-references
Result: NOTE
    Package unavailable to check Rd xrefs: ‘redux’
Flavor: r-patched-solaris-x86