CRAN Package Check Results for Package nonnest2

Last updated on 2019-04-13 01:58:12 CEST.

Flavor Version Tinstall Tcheck Ttotal Status Flags
r-devel-linux-x86_64-debian-clang 0.5-2 3.37 48.88 52.25 OK
r-devel-linux-x86_64-debian-gcc 0.5-2 2.60 38.50 41.10 OK
r-devel-linux-x86_64-fedora-clang 0.5-2 64.50 OK
r-devel-linux-x86_64-fedora-gcc 0.5-2 60.85 OK
r-devel-windows-ix86+x86_64 0.5-2 10.00 83.00 93.00 OK
r-patched-linux-x86_64 0.5-2 3.12 47.42 50.54 OK
r-patched-solaris-x86 0.5-2 87.00 OK
r-release-linux-x86_64 0.5-2 2.27 43.71 45.98 WARN
r-release-windows-ix86+x86_64 0.5-2 6.00 87.00 93.00 OK
r-release-osx-x86_64 0.5-2 OK
r-oldrel-windows-ix86+x86_64 0.5-2 4.00 78.00 82.00 OK
r-oldrel-osx-x86_64 0.5-2 OK

Check Details

Version: 0.5-2
Check: re-building of vignette outputs
Result: WARN
    Error in re-building vignettes:
     ...
    This is lavaan 0.6-3
    lavaan is BETA software! Please report any bugs.
    This is nonnest2 0.5-2.
    nonnest2 has not been tested with all combinations of model classes.
    Quitting from lines 64-65 (nonnest2.Rmd)
    Error: processing vignette ‘nonnest2.Rmd’ failed with diagnostics:
    no applicable method for ‘estfun’ applied to an object of class "lavaan"
    Execution halted
Flavor: r-release-linux-x86_64