CRAN Package Check Results for Package nullabor

Last updated on 2019-04-13 01:58:13 CEST.

Flavor Version Tinstall Tcheck Ttotal Status Flags
r-devel-linux-x86_64-debian-clang 0.3.5 8.65 206.70 215.35 OK
r-devel-linux-x86_64-debian-gcc 0.3.5 7.61 156.28 163.89 OK
r-devel-linux-x86_64-fedora-clang 0.3.5 259.75 NOTE
r-devel-linux-x86_64-fedora-gcc 0.3.5 255.77 NOTE
r-devel-windows-ix86+x86_64 0.3.5 20.00 205.00 225.00 OK
r-patched-linux-x86_64 0.3.5 8.53 206.04 214.57 OK
r-patched-solaris-x86 0.3.5 330.60 NOTE
r-release-linux-x86_64 0.3.5 5.86 204.16 210.02 OK
r-release-windows-ix86+x86_64 0.3.5 21.00 200.00 221.00 OK
r-release-osx-x86_64 0.3.5 NOTE
r-oldrel-windows-ix86+x86_64 0.3.5 11.00 197.00 208.00 OK
r-oldrel-osx-x86_64 0.3.5 NOTE

Check Details

Version: 0.3.5
Check: dependencies in R code
Result: NOTE
    Namespaces in Imports field not imported from:
     ‘forecast’ ‘rlang’ ‘tidyverse’ ‘tsibble’
     All declared Imports should be used.
Flavors: r-devel-linux-x86_64-fedora-clang, r-devel-linux-x86_64-fedora-gcc, r-patched-solaris-x86, r-release-osx-x86_64, r-oldrel-osx-x86_64