CRAN Package Check Results for Package oec

Last updated on 2019-04-13 01:58:13 CEST.

Flavor Version Tinstall Tcheck Ttotal Status Flags
r-devel-linux-x86_64-debian-clang 2.7.8 4.15 32.06 36.21 OK
r-devel-linux-x86_64-debian-gcc 2.7.8 3.01 25.60 28.61 OK
r-devel-linux-x86_64-fedora-clang 2.7.8 44.57 NOTE
r-devel-linux-x86_64-fedora-gcc 2.7.8 40.97 NOTE
r-devel-windows-ix86+x86_64 2.7.8 12.00 46.00 58.00 OK
r-patched-linux-x86_64 2.7.8 4.18 31.32 35.50 OK
r-patched-solaris-x86 2.7.8 69.10 NOTE
r-release-linux-x86_64 2.7.8 2.95 29.74 32.69 OK
r-release-windows-ix86+x86_64 2.7.8 9.00 44.00 53.00 OK
r-release-osx-x86_64 2.7.8 NOTE
r-oldrel-windows-ix86+x86_64 2.7.8 6.00 43.00 49.00 OK
r-oldrel-osx-x86_64 2.7.8 NOTE

Check Details

Version: 2.7.8
Check: dependencies in R code
Result: NOTE
    Namespace in Imports field not imported from: ‘readr’
     All declared Imports should be used.
Flavors: r-devel-linux-x86_64-fedora-clang, r-devel-linux-x86_64-fedora-gcc, r-patched-solaris-x86, r-release-osx-x86_64, r-oldrel-osx-x86_64