Last updated on 2019-04-13 01:58:13 CEST.
Flavor | Version | Tinstall | Tcheck | Ttotal | Status | Flags |
---|---|---|---|---|---|---|
r-devel-linux-x86_64-debian-clang | 1.3 | 12.83 | 44.55 | 57.38 | OK | |
r-devel-linux-x86_64-debian-gcc | 1.3 | 7.25 | 35.77 | 43.02 | OK | |
r-devel-linux-x86_64-fedora-clang | 1.3 | 71.41 | OK | |||
r-devel-linux-x86_64-fedora-gcc | 1.3 | 62.70 | OK | |||
r-devel-windows-ix86+x86_64 | 1.3 | 91.00 | 155.00 | 246.00 | NOTE | |
r-patched-linux-x86_64 | 1.3 | 9.03 | 46.43 | 55.46 | OK | |
r-patched-solaris-x86 | 1.3 | 148.20 | OK | |||
r-release-linux-x86_64 | 1.3 | 8.02 | 42.86 | 50.88 | OK | |
r-release-windows-ix86+x86_64 | 1.3 | 123.00 | 143.00 | 266.00 | NOTE | |
r-release-osx-x86_64 | 1.3 | NOTE | ||||
r-oldrel-windows-ix86+x86_64 | 1.3 | 73.00 | 110.00 | 183.00 | NOTE | |
r-oldrel-osx-x86_64 | 1.3 | NOTE |
Version: 1.3
Check: installed package size
Result: NOTE
installed size is 8.7Mb
sub-directories of 1Mb or more:
doc 2.6Mb
libs 5.6Mb
Flavors: r-devel-windows-ix86+x86_64, r-release-windows-ix86+x86_64, r-release-osx-x86_64, r-oldrel-windows-ix86+x86_64, r-oldrel-osx-x86_64