CRAN Package Check Results for Package oro.pet

Last updated on 2019-04-13 01:58:13 CEST.

Flavor Version Tinstall Tcheck Ttotal Status Flags
r-devel-linux-x86_64-debian-clang 0.2.6 9.76 66.38 76.14 OK
r-devel-linux-x86_64-debian-gcc 0.2.6 6.91 52.68 59.59 OK
r-devel-linux-x86_64-fedora-clang 0.2.6 91.02 NOTE
r-devel-linux-x86_64-fedora-gcc 0.2.6 86.10 NOTE
r-devel-windows-ix86+x86_64 0.2.6 20.00 107.00 127.00 OK
r-patched-linux-x86_64 0.2.6 8.11 66.03 74.14 OK
r-patched-solaris-x86 0.2.6 137.00 NOTE
r-release-linux-x86_64 0.2.6 4.52 64.34 68.86 OK
r-release-windows-ix86+x86_64 0.2.6 13.00 71.00 84.00 OK
r-release-osx-x86_64 0.2.6 NOTE
r-oldrel-windows-ix86+x86_64 0.2.6 9.00 106.00 115.00 OK
r-oldrel-osx-x86_64 0.2.6 NOTE

Check Details

Version: 0.2.6
Check: dependencies in R code
Result: NOTE
    Namespace in Imports field not imported from: ‘grDevices’
     All declared Imports should be used.
Flavors: r-devel-linux-x86_64-fedora-clang, r-devel-linux-x86_64-fedora-gcc, r-patched-solaris-x86, r-release-osx-x86_64, r-oldrel-osx-x86_64