CRAN Package Check Results for Package osqp

Last updated on 2019-04-13 01:58:13 CEST.

Flavor Version Tinstall Tcheck Ttotal Status Flags
r-devel-linux-x86_64-debian-clang 0.5.0 31.68 55.33 87.01 OK
r-devel-linux-x86_64-debian-gcc 0.5.0 26.34 44.30 70.64 OK
r-devel-linux-x86_64-fedora-clang 0.5.0 123.09 OK
r-devel-linux-x86_64-fedora-gcc 0.5.0 113.41 WARN
r-devel-windows-ix86+x86_64 0.5.0 105.00 134.00 239.00 OK
r-patched-linux-x86_64 0.5.0 30.04 54.34 84.38 OK
r-patched-solaris-x86 0.5.0 8.50 ERROR
r-release-linux-x86_64 0.5.0 30.95 53.09 84.04 OK
r-release-windows-ix86+x86_64 0.5.0 80.00 117.00 197.00 OK
r-release-osx-x86_64 0.5.0 OK
r-oldrel-windows-ix86+x86_64 0.5.0 75.00 127.00 202.00 OK
r-oldrel-osx-x86_64 0.5.0 OK

Check Details

Version: 0.5.0
Check: whether package can be installed
Result: WARN
    Found the following significant warnings:
     ../osqp_sources//include/glob_opts.h:173:50: warning: ISO C does not support ‘__FUNCTION__’ predefined identifier [-Wpedantic]
Flavor: r-devel-linux-x86_64-fedora-gcc

Version: 0.5.0
Check: whether package can be installed
Result: ERROR
    Installation failed.
Flavor: r-patched-solaris-x86