CRAN Package Check Results for Package packagefinder

Last updated on 2019-04-13 01:58:13 CEST.

Flavor Version Tinstall Tcheck Ttotal Status Flags
r-devel-linux-x86_64-debian-clang 0.1.0 2.09 32.04 34.13 OK
r-devel-linux-x86_64-debian-gcc 0.1.0 1.91 26.78 28.69 OK
r-devel-linux-x86_64-fedora-clang 0.1.0 33.30 ERROR
r-devel-linux-x86_64-fedora-gcc 0.1.0 40.13 OK
r-devel-windows-ix86+x86_64 0.1.0 5.00 74.00 79.00 OK
r-patched-linux-x86_64 0.1.0 2.58 32.81 35.39 OK
r-patched-solaris-x86 0.1.0 69.30 OK
r-release-linux-x86_64 0.1.0 1.62 31.91 33.53 OK
r-release-windows-ix86+x86_64 0.1.0 5.00 44.00 49.00 OK
r-release-osx-x86_64 0.1.0 OK
r-oldrel-windows-ix86+x86_64 0.1.0 3.00 46.00 49.00 OK
r-oldrel-osx-x86_64 0.0.7 OK

Check Details

Version: 0.1.0
Check: examples
Result: ERROR
    Running examples in ‘packagefinder-Ex.R’ failed
    The error most likely occurred in:
    
    > ### Name: packageDetails
    > ### Title: Showing information about a package
    > ### Aliases: packageDetails
    >
    > ### ** Examples
    >
    > packageDetails("ggplot2")
    
    Package ggplot2
    
    Title: An implementation of the Grammar of Graphics
    
    Long description:
    An implementation of the grammar of graphics
    in R. It combines the advantages of both base and
    lattice graphics: conditioning and shared axes are
    handled automatically, and you can still build up a
    plot step by step from multiple data sources. It also
    implements a sophisticated multidimensional
    conditioning system and a consistent interface to map
    data to aesthetic attributes. See the ggplot2 website
    for more information, documentation and examples.
    
    Publish date: 2014-05-21
    
    Version: 1.0.0
    
    License: GPL-2
    
    Maintainer: Hadley Wickham <h.wickham@gmail.com>
    
    Error in if (!is.na(searchindex$index$MAILINGLIST[go.num])) packageElement("Mailing list", :
     argument is of length zero
    Calls: packageDetails
    Execution halted
Flavor: r-devel-linux-x86_64-fedora-clang