CRAN Package Check Results for Package pdc

Last updated on 2019-04-13 01:58:14 CEST.

Flavor Version Tinstall Tcheck Ttotal Status Flags
r-devel-linux-x86_64-debian-clang 1.0.3 10.32 25.42 35.74 OK
r-devel-linux-x86_64-debian-gcc 1.0.3 9.64 20.44 30.08 OK
r-devel-linux-x86_64-fedora-clang 1.0.3 48.76 NOTE
r-devel-linux-x86_64-fedora-gcc 1.0.3 48.56 NOTE
r-devel-windows-ix86+x86_64 1.0.3 39.00 50.00 89.00 OK
r-patched-linux-x86_64 1.0.3 10.49 25.58 36.07 OK
r-patched-solaris-x86 1.0.3 70.00 OK
r-release-linux-x86_64 1.0.3 9.85 22.68 32.53 OK
r-release-windows-ix86+x86_64 1.0.3 27.00 45.00 72.00 OK
r-release-osx-x86_64 1.0.3 OK
r-oldrel-windows-ix86+x86_64 1.0.3 28.00 64.00 92.00 OK
r-oldrel-osx-x86_64 1.0.3 OK

Check Details

Version: 1.0.3
Check: compiled code
Result: NOTE
    File ‘pdc/libs/pdc.so’:
     Found no calls to: ‘R_registerRoutines’, ‘R_useDynamicSymbols’
    
    It is good practice to register native routines and to disable symbol
    search.
    
    See ‘Writing portable packages’ in the ‘Writing R Extensions’ manual.
Flavors: r-devel-linux-x86_64-fedora-clang, r-devel-linux-x86_64-fedora-gcc