Last updated on 2019-04-13 01:58:15 CEST.
Flavor | Version | Tinstall | Tcheck | Ttotal | Status | Flags |
---|---|---|---|---|---|---|
r-devel-linux-x86_64-debian-clang | 18.4.17 | 4.42 | 38.35 | 42.77 | OK | |
r-devel-linux-x86_64-debian-gcc | 18.4.17 | 3.83 | 29.31 | 33.14 | OK | |
r-devel-linux-x86_64-fedora-clang | 18.4.17 | 49.35 | NOTE | |||
r-devel-linux-x86_64-fedora-gcc | 18.4.17 | 53.41 | NOTE | |||
r-devel-windows-ix86+x86_64 | 18.4.17 | 13.00 | 50.00 | 63.00 | OK | |
r-patched-linux-x86_64 | 18.4.17 | 4.39 | 36.89 | 41.28 | OK | |
r-patched-solaris-x86 | 18.4.17 | 72.00 | NOTE | |||
r-release-linux-x86_64 | 18.4.17 | 2.80 | 35.41 | 38.21 | OK | |
r-release-windows-ix86+x86_64 | 18.4.17 | 9.00 | 60.00 | 69.00 | OK | |
r-release-osx-x86_64 | 18.4.17 | NOTE | ||||
r-oldrel-windows-ix86+x86_64 | 18.4.17 | 4.00 | 54.00 | 58.00 | OK | |
r-oldrel-osx-x86_64 | 18.4.17 | NOTE |
Version: 18.4.17
Check: dependencies in R code
Result: NOTE
Namespaces in Imports field not imported from:
‘colorspace’ ‘lubridate’
All declared Imports should be used.
Flavors: r-devel-linux-x86_64-fedora-clang, r-devel-linux-x86_64-fedora-gcc, r-patched-solaris-x86, r-release-osx-x86_64, r-oldrel-osx-x86_64