CRAN Package Check Results for Package pkgcond

Last updated on 2019-04-13 01:58:15 CEST.

Flavor Version Tinstall Tcheck Ttotal Status Flags
r-devel-linux-x86_64-debian-clang 0.1.0 1.51 20.49 22.00 OK
r-devel-linux-x86_64-debian-gcc 0.1.0 1.37 16.85 18.22 OK
r-devel-linux-x86_64-fedora-clang 0.1.0 25.87 OK
r-devel-linux-x86_64-fedora-gcc 0.1.0 28.37 OK
r-devel-windows-ix86+x86_64 0.1.0 5.00 36.00 41.00 OK
r-patched-linux-x86_64 0.1.0 1.63 20.73 22.36 OK
r-patched-solaris-x86 0.1.0 41.00 OK
r-release-linux-x86_64 0.1.0 0.68 19.66 20.34 OK
r-release-windows-ix86+x86_64 0.1.0 2.00 43.00 45.00 OK
r-release-osx-x86_64 0.1.0 OK
r-oldrel-osx-x86_64 0.1.0 ERROR

Check Details

Version: 0.1.0
Check: whether package can be installed
Result: ERROR
    Installation failed.
Flavor: r-oldrel-osx-x86_64