CRAN Package Check Results for Package prioritizr

Last updated on 2019-04-13 01:58:15 CEST.

Flavor Version Tinstall Tcheck Ttotal Status Flags
r-devel-linux-x86_64-debian-clang 4.0.3 294.58 384.82 679.40 NOTE
r-devel-linux-x86_64-debian-gcc 4.0.3 244.29 295.38 539.67 NOTE
r-devel-linux-x86_64-fedora-clang 4.0.4 951.03 NOTE
r-devel-linux-x86_64-fedora-gcc 4.0.4 901.28 NOTE
r-devel-windows-ix86+x86_64 4.0.3 708.00 792.00 1500.00 NOTE
r-patched-linux-x86_64 4.0.3 290.40 383.75 674.15 NOTE
r-patched-solaris-x86 4.0.4 927.40 ERROR
r-release-linux-x86_64 4.0.3 283.61 382.15 665.76 NOTE
r-release-windows-ix86+x86_64 4.0.3 491.00 559.00 1050.00 NOTE
r-release-osx-x86_64 4.0.3 ERROR
r-oldrel-windows-ix86+x86_64 4.0.3 717.00 806.00 1523.00 NOTE
r-oldrel-osx-x86_64 4.0.2 NOTE

Check Details

Version: 4.0.3
Check: package dependencies
Result: NOTE
    Package suggested but not available for checking: 'gurobi'
Flavors: r-devel-linux-x86_64-debian-clang, r-devel-linux-x86_64-debian-gcc, r-devel-windows-ix86+x86_64, r-patched-linux-x86_64, r-release-linux-x86_64, r-release-windows-ix86+x86_64, r-oldrel-windows-ix86+x86_64

Version: 4.0.4
Check: package dependencies
Result: NOTE
    Package suggested but not available for checking: ‘gurobi’
Flavors: r-devel-linux-x86_64-fedora-clang, r-devel-linux-x86_64-fedora-gcc

Version: 4.0.4
Check: installed package size
Result: NOTE
     installed size is 14.5Mb
     sub-directories of 1Mb or more:
     doc 1.2Mb
     libs 11.5Mb
Flavor: r-devel-linux-x86_64-fedora-clang

Version: 4.0.3
Check: installed package size
Result: NOTE
     installed size is 6.2Mb
     sub-directories of 1Mb or more:
     doc 1.8Mb
     libs 2.6Mb
Flavors: r-devel-windows-ix86+x86_64, r-release-windows-ix86+x86_64, r-oldrel-windows-ix86+x86_64

Version: 4.0.4
Check: package dependencies
Result: NOTE
    Packages suggested but not available for checking:
     'gurobi', 'lpsymphony', 'Rsymphony'
Flavor: r-patched-solaris-x86

Version: 4.0.4
Check: tests
Result: ERROR
     Running ‘testthat.R’ [306s/290s]
    Running the tests in ‘tests/testthat.R’ failed.
    Complete output:
     > # load packages
     > library(testthat)
     > library(prioritizr)
     Loading required package: raster
     Loading required package: sp
     Loading required package: proto
     >
     > # load solver packages
     > require(gurobi)
     Loading required package: gurobi
     Warning message:
     In library(package, lib.loc = lib.loc, character.only = TRUE, logical.return = TRUE, :
     there is no package called 'gurobi'
     > require(lpsymphony)
     Loading required package: lpsymphony
     Warning message:
     In library(package, lib.loc = lib.loc, character.only = TRUE, logical.return = TRUE, :
     there is no package called 'lpsymphony'
     > require(Rsymphony)
     Loading required package: Rsymphony
     Warning message:
     In library(package, lib.loc = lib.loc, character.only = TRUE, logical.return = TRUE, :
     there is no package called 'Rsymphony'
     >
     > # enable parallel testing
     > Sys.unsetenv("R_TESTS")
     >
     > # run tests
     > test_check("prioritizr")
     list()
     attr(,"class")
     [1] "Waiver"
     ── 1. Error: get parameter methods (@test_problem.R#821) ──────────────────────
     parameter with matching name not found
     1: x$solver$parameters$find("gap") at testthat/test_problem.R:821
     2: res(x, ...)
     3: stop("parameter with matching name not found")
    
     ── 2. Error: set parameter methods (@test_problem.R#844) ──────────────────────
     parameter with matching name not found
     1: x$solver$parameters$find("gap") at testthat/test_problem.R:844
     2: res(x, ...)
     3: stop("parameter with matching name not found")
    
     ── 3. Error: render parameter methods (@test_problem.R#880) ───────────────────
     parameter with matching name not found
     1: x$solver$parameters$find("gap") at testthat/test_problem.R:880
     2: res(x, ...)
     3: stop("parameter with matching name not found")
    
     ..
     ..
     ..
     ══ testthat results ═══════════════════════════════════════════════════════════
     OK: 11583 SKIPPED: 117 FAILED: 3
     1. Error: get parameter methods (@test_problem.R#821)
     2. Error: set parameter methods (@test_problem.R#844)
     3. Error: render parameter methods (@test_problem.R#880)
    
     Error: testthat unit tests failed
     Execution halted
Flavor: r-patched-solaris-x86

Version: 4.0.3
Check: package dependencies
Result: NOTE
    Packages suggested but not available for checking:
     ‘gurobi’ ‘lpsymphony’ ‘Rsymphony’
Flavor: r-release-osx-x86_64

Version: 4.0.3
Check: tests
Result: ERROR
     Running ‘testthat.R’ [145s/158s]
    Running the tests in ‘tests/testthat.R’ failed.
    Last 13 lines of output:
     1: x$solver$parameters$find("gap") at testthat/test_problem.R:880
     2: res(x, ...)
     3: stop("parameter with matching name not found")
    
     ..
     ..
     ..
     ══ testthat results ═══════════════════════════════════════════════════════════
     OK: 11337 SKIPPED: 117 FAILED: 3
     1. Error: get parameter methods (@test_problem.R#821)
     2. Error: set parameter methods (@test_problem.R#844)
     3. Error: render parameter methods (@test_problem.R#880)
    
     Error: testthat unit tests failed
     Execution halted
Flavor: r-release-osx-x86_64

Version: 4.0.2
Check: package dependencies
Result: NOTE
    Packages suggested but not available for checking:
     ‘gurobi’ ‘lpsymphony’ ‘Rsymphony’
Flavor: r-oldrel-osx-x86_64